{"id":74,"date":"2022-04-02T22:34:07","date_gmt":"2022-04-02T22:34:07","guid":{"rendered":"https:\/\/multiexpresion.cl\/?page_id=74"},"modified":"2024-03-30T16:36:10","modified_gmt":"2024-03-30T16:36:10","slug":"editorial","status":"publish","type":"page","link":"https:\/\/multiexpresion.cl\/index.php\/editorial\/","title":{"rendered":"Nosotros"},"content":{"rendered":"\n<p>Hola.<br>Somos una dupla de profesionales del \u00e1rea de las comunicaciones que trabaja en dar respuesta a las diferentes peticiones de registro o elaboraci\u00f3n de material seg\u00fan las necesidad particulares de quien las solicita.<br>Desde un registro fotogr\u00e1fico, audiovisual, o la edici\u00f3n y montaje de material; hasta el acompa\u00f1amiento en procesos creativos para lograr concretar los conceptos; acompa\u00f1amos en las etapas de realizaci\u00f3n, para que el resultado sea &#8220;ese algo&#8221; que se busca.<br><br>Camilo Sanderson &#8211; Comunicador Audiovisual<br>Carlos Sanderson &#8211; Comunicador Multimedia<\/p>\n","protected":false},"excerpt":{"rendered":"<p>Hola.Somos una dupla de profesionales del \u00e1rea de las comunicaciones que trabaja en dar respuesta a las diferentes peticiones de registro o elaboraci\u00f3n de material seg\u00fan las necesidad particulares de quien las solicita.Desde un registro fotogr\u00e1fico, audiovisual, o la edici\u00f3n y montaje de material; hasta el acompa\u00f1amiento en procesos creativos para lograr concretar los conceptos; &hellip; <\/p>\n<p class=\"link-more\"><a href=\"https:\/\/multiexpresion.cl\/index.php\/editorial\/\" class=\"more-link\">Continue reading<span class=\"screen-reader-text\"> &#8220;Nosotros&#8221;<\/span><\/a><\/p>\n","protected":false},"author":1,"featured_media":0,"parent":0,"menu_order":20,"comment_status":"closed","ping_status":"closed","template":"","meta":{"footnotes":""},"class_list":["post-74","page","type-page","status-publish","hentry"],"_links":{"self":[{"href":"https:\/\/multiexpresion.cl\/index.php\/wp-json\/wp\/v2\/pages\/74","targetHints":{"allow":["GET"]}}],"collection":[{"href":"https:\/\/multiexpresion.cl\/index.php\/wp-json\/wp\/v2\/pages"}],"about":[{"href":"https:\/\/multiexpresion.cl\/index.php\/wp-json\/wp\/v2\/types\/page"}],"author":[{"embeddable":true,"href":"https:\/\/multiexpresion.cl\/index.php\/wp-json\/wp\/v2\/users\/1"}],"replies":[{"embeddable":true,"href":"https:\/\/multiexpresion.cl\/index.php\/wp-json\/wp\/v2\/comments?post=74"}],"version-history":[{"count":5,"href":"https:\/\/multiexpresion.cl\/index.php\/wp-json\/wp\/v2\/pages\/74\/revisions"}],"predecessor-version":[{"id":279,"href":"https:\/\/multiexpresion.cl\/index.php\/wp-json\/wp\/v2\/pages\/74\/revisions\/279"}],"wp:attachment":[{"href":"https:\/\/multiexpresion.cl\/index.php\/wp-json\/wp\/v2\/media?parent=74"}],"curies":[{"name":"wp","href":"https:\/\/api.w.org\/{rel}","templated":true}]}}